
What is the remainder when 11201 is divided by 6?
5
What is the remainder when 3859 is divided by 31?
15
What is the remainder when 373 is divided by 8?
5
Calculate the remainder when 160 is divided by 55.
50
Calculate the remainder when 234 is divided by 60.
54
Calculate the remainder when 142 is divided by 98.
44
Calculate the remainder when 733 is divided by 63.
40
What is the remainder when 732 is divided by 62?
50
What is the remainder when 960 is divided by 13?
11
What is the remainder when 88 is divided by 30?
28
What is the remainder when 172 is divided by 22?
18
Calculate the remainder when 81 is divided by 17.
13
Calculate the remainder when 454 is divided by 51.
46
What is the remainder when 5569 is divided by 14?
11
What is the remainder when 278 is divided by 14?
12
Calculate the remainder when 294 is divided by 34.
22
Calculate the remainder when 238 is divided by 83.
72
Calculate the remainder when 510 is divided by 74.
66
What is the remainder when 2949 is divided by 18?
15
What is the remainder when 1318 is divided by 40?
38
What is the remainder when 197 is divided by 20?
17
Calculate the remainder when 43 is divided by 22.
21
Calculate the remainder when 3679 is divided by 4.
3
What is the remainder when 1047 is divided by 216?
183
Calculate the remainder when 921 is divided by 44.
41
What is the remainder when 1915 is divided by 59?
27
Calculate the remainder when 420 is divided by 47.
44
Calculate the remainder when 898 is divided by 6.
4
What is the remainder when 158 is divided by 27?
23
What is the remainder when 173 is divided by 161?
12
Calculate the remainder when 2652 is divided by 50.
2
What is the remainder when 176 is divided by 45?
41
What is the remainder when 409 is divided by 60?
49
Calculate the remainder when 1880 is divided by 171.
170
What is the remainder when 1898 is divided by 1861?
37
Calculate the remainder when 353 is divided by 17.
13
What is the remainder when 67 is divided by 39?
28
Calculate the remainder when 116 is divided by 20.
16
Calculate the remainder when 371 is divided by 20.
11
What is the remainder when 3724 is divided by 81?
79
Calculate the remainder when 130 is divided by 38.
16
What is the remainder when 61 is divided by 50?
11
Calculate the remainder when 260 is divided by 22.
18
What is the remainder when 1336 is divided by 666?
4
What is the remainder when 2470 is divided by 99?
94
What is the remainder when 353 is divided by 19?
11
Calculate the remainder when 281 is divided by 71.
68
What is the remainder when 192 is divided by 23?
8
Calculate the remainder when 12 is divided by 4.
0
Calculate the remainder when 510 is divided by 16.
14
Calculate the remainder when 466 is divided by 12.
10
What is the remainder when 167 is divided by 103?
64
Calculate the remainder when 665 is divided by 91.
28
Calculate the remainder when 207 is divided by 30.
27
What is the remainder when 794 is divided by 53?
52
What is the remainder when 289 is divided by 33?
25
Calculate the remainder when 152 is divided by 52.
48
What is the remainder when 575 is divided by 34?
31
What is the remainder when 397 is divided by 2?
1
Calculate the remainder when 2071 is divided by 56.
55
What is the remainder when 474 is divided by 48?
42
Calculate the remainder when 85 is divided by 49.
36
What is the remainder when 761 is divided by 155?
141
Calculate the remainder when 132 is divided by 12.
0
Calculate the remainder when 290 is divided by 73.
71
Calculate the remainder when 453 is divided by 30.
3
What is the remainder when 1835 is divided by 17?
16
What is the remainder when 159 is divided by 19?
7
What is the remainder when 183 is divided by 69?
45
Calculate the remainder when 4917 is divided by 25.
17
Calculate the remainder when 7472 is divided by 101.
99
Calculate the remainder when 56 is divided by 29.
27
Calculate the remainder when 51 is divided by 21.
9
What is the remainder when 889 is divided by 222?
1
What is the remainder when 77 is divided by 10?
7
Calculate the remainder when 12291 is divided by 28.
27
Calculate the remainder when 63 is divided by 44.
19
Calculate the remainder when 374 is divided by 103.
65
What is the remainder when 120 is divided by 11?
10
What is the remainder when 10 is divided by 6?
4
Calculate the remainder when 241 is divided by 11.
10
What is the remainder when 1479 is divided by 26?
23
What is the remainder when 367 is divided by 197?
170
Calculate the remainder when 214 is divided by 35.
4
Calculate the remainder when 123 is divided by 16.
11
Calculate the remainder when 766 is divided by 136.
86
Calculate the remainder when 1977 is divided by 659.
0
What is the remainder when 1918 is divided by 275?
268
What is the remainder when 1227 is divided by 56?
51
Calculate the remainder when 28 is divided by 11.
6
What is the remainder when 1995 is divided by 506?
477
What is the remainder when 559 is divided by 29?
8
Calculate the remainder when 71 is divided by 60.
11
Calculate the remainder when 25 is divided by 15.
10
What is the remainder when 269 is divided by 84?
17
What is the remainder when 361 is divided by 72?
1
Calculate the remainder when 15040 is divided by 76.
68
What is the remainder when 46 is divided by 28?
18
Calculate the remainder when 3925 is divided by 1308.
1
Calculate the remainder when 123 is divided by 31.
30
What is the remainder when 2058 is divided by 205?
8
What is the remainder when 29 is divided by 23?
6
Calculate the remainder when 67 is divided by 43.
24
What is the remainder when 55 is divided by 22?
11
Calculate the remainder when 58 is divided by 19.
1
Calculate the remainder when 6673 is divided by 14.
9
What is the remainder when 287 is divided by 54?
17
Calculate the remainder when 458 is divided by 77.
73
Calculate the remainder when 752 is divided by 95.
87
Calculate the remainder when 1053 is divided by 317.
102
Calculate the remainder when 538 is divided by 144.
106
What is the remainder when 41 is divided by 9?
5
Calculate the remainder when 1293 is divided by 128.
13
Calculate the remainder when 570 is divided by 228.
114
Calculate the remainder when 19 is divided by 15.
4
What is the remainder when 109 is divided by 50?
9
What is the remainder when 147 is divided by 51?
45
Calculate the remainder when 323 is divided by 33.
26
Calculate the remainder when 132 is divided by 59.
14
Calculate the remainder when 536 is divided by 53.
6
What is the remainder when 336 is divided by 114?
108
What is the remainder when 469 is divided by 35?
14
What is the remainder when 450 is divided by 4?
2
What is the remainder when 2989 is divided by 34?
31
What is the remainder when 49 is divided by 10?
9
What is the remainder when 6665 is divided by 6652?
13
What is the remainder when 495 is divided by 39?
27
Calculate the remainder when 176 is divided by 40.
16
What is the remainder when 372 is divided by 86?
28
Calculate the remainder when 3519 is divided by 168.
159
Calculate the remainder when 584 is divided by 74.
66
Calculate the remainder when 94 is divided by 49.
45
What is the remainder when 426 is divided by 43?
39
Calculate the remainder when 277 is divided by 47.
42
Calculate the remainder when 799 is divided by 20.
19
Calculate the remainder when 84 is divided by 30.
24
Calculate the remainder when 8974 is divided by 66.
64
What is the remainder when 2239 is divided by 16?
15
Calculate the remainder when 32 is divided by 18.
14
Calculate the remainder when 647 is divided by 11.
9
Calculate the remainder when 2239 is divided by 742.
13
Calculate the remainder when 5224 is divided by 95.
94
What is the remainder when 167 is divided by 38?
15
Calculate the remainder when 414 is divided by 17.
6
Calculate the remainder when 67 is divided by 9.
4
Calculate the remainder when 823 is divided by 13.
4
What is the remainder when 140 is divided by 24?
20
Calculate the remainder when 196 is divided by 104.
92
Calculate the remainder when 464 is divided by 10.
4
Calculate the remainder when 1711 is divided by 840.
31
Calculate the remainder when 232 is divided by 18.
16
What is the remainder when 167 is divided by 104?
63
Calculate the remainder when 204 is divided by 43.
32
Calculate the remainder when 446 is divided by 34.
4
What is